mon factor of 832 and 52.
52
What is the highest common factor of 11 and 25927?
11
What is the greatest common factor of 18 and 5514?
6
What is the greatest common factor of 85 and 1564?
17
What is the highest common factor of 1085 and 455?
35
What is the greatest common divisor of 420 and 9492?
84
What is the greatest common divisor of 4 and 36?
4
Calculate the greatest common factor of 1764 and 468.
36
Calculate the highest common factor of 50 and 9225.
25
What is the greatest common factor of 261 and 11049?
87
Calculate the greatest common divisor of 32 and 1896.
8
Calculate the greatest common divisor of 34 and 4.
2
Calculate the greatest common factor of 14 and 29344.
14
Calculate the greatest common factor of 207 and 18.
9
Calculate the highest common factor of 32 and 1024.
32
What is the greatest common divisor of 1725 and 483?
69
What is the greatest common divisor of 634 and 53573?
317
Calculate the highest common factor of 96 and 728.
8
Calculate the highest common factor of 1312 and 41.
41
Calculate the highest common divisor of 24 and 12372.
12
What is the highest common divisor of 840 and 11235?
105
What is the highest common divisor of 88 and 1991?
11
Calculate the greatest common factor of 377 and 4669.
29
Calculate the highest common factor of 9 and 45.
9
What is the greatest common divisor of 203 and 14?
7
Calculate the greatest common factor of 6764 and 76.
76
Calculate the highest common divisor of 1456 and 546.
182
What is the greatest common divisor of 291 and 5?
1
Calculate the highest common factor of 781 and 539.
11
Calculate the highest common divisor of 78 and 65.
13
What is the highest common divisor of 120 and 5160?
120
Calculate the highest common factor of 340 and 2440.
20
Calculate the highest common factor of 2 and 503.
1
What is the greatest common divisor of 931 and 19?
19
What is the highest common factor of 92 and 5106?
46
Calculate the highest common factor of 96 and 18.
6
What is the greatest common divisor of 710 and 490?
10
Calculate the highest common divisor of 209 and 7068.
19
What is the highest common divisor of 2202 and 84?
6
What is the highest common factor of 72 and 336?
24
What is the highest common factor of 4480 and 70?
70
Calculate the greatest common divisor of 51 and 544.
17
Calculate the highest common factor of 132 and 26466.
66
Calculate the greatest common divisor of 1408 and 1792.
128
Calculate the highest common factor of 28 and 384.
4
What is the highest common factor of 1043 and 2384?
149
Calculate the highest common factor of 1050 and 42.
42
What is the highest common factor of 160 and 24?
8
Calculate the highest common factor of 210 and 16128.
42
What is the greatest common factor of 4214 and 172?
86
Calculate the greatest common factor of 1515 and 65.
5
What is the greatest common divisor of 224 and 1596?
28
Calculate the greatest common divisor of 1443 and 39.
39
Calculate the greatest common factor of 1136 and 71.
71
Calculate the greatest common factor of 1 and 8.
1
What is the greatest common divisor of 14 and 22309?
7
What is the greatest common divisor of 616 and 168?
56
Calculate the greatest common divisor of 621 and 943.
23
Calculate the greatest common divisor of 38 and 266.
38
Calculate the highest common factor of 5100 and 9860.
340
Calculate the highest common divisor of 552 and 60.
12
What is the highest common divisor of 17 and 697?
17
What is the highest common divisor of 20 and 310?
10
What is the highest common divisor of 170 and 990?
10
Calculate the highest common divisor of 1488 and 768.
48
What is the highest common divisor of 11 and 883?
1
What is the highest common divisor of 1017 and 2599?
113
Calculate the highest common divisor of 78 and 22737.
39
What is the highest common factor of 23 and 10603?
23
What is the greatest common divisor of 85 and 19295?
85
What is the greatest common divisor of 1683 and 99?
99
What is the highest common divisor of 240 and 32?
16
What is the highest common factor of 333 and 18?
9
Calculate the greatest common divisor of 12572 and 56.
28
Calculate the greatest common factor of 2552 and 145.
29
Calculate the greatest common factor of 1612 and 372.
124
What is the highest common factor of 7890 and 90?
30
What is the highest common divisor of 658 and 14?
14
Calculate the greatest common divisor of 46253 and 23.
23
Calculate the highest common divisor of 396 and 693.
99
What is the greatest common divisor of 20 and 320?
20
Calculate the greatest common divisor of 29 and 493.
29
What is the greatest common divisor of 14 and 9422?
14
Calculate the highest common divisor of 115 and 85.
5
Calculate the greatest common factor of 8 and 172.
4
Calculate the greatest common divisor of 747 and 166.
83
What is the greatest common factor of 713 and 2323?
23
Calculate the highest common factor of 111 and 444.
111
Calculate the highest common factor of 111 and 3.
3
What is the highest common factor of 96 and 2256?
48
Calculate the highest common divisor of 1936 and 121.
121
Calculate the greatest common factor of 374 and 242.
22
What is the greatest common factor of 1005 and 15?
15
Calculate the highest common factor of 7 and 392.
7
Calculate the highest common divisor of 411 and 6.
3
What is the highest common divisor of 8 and 32?
8
What is the greatest common factor of 31 and 7223?
31
Calculate the highest common divisor of 51 and 867.
51
What is the highest common factor of 2511 and 729?
81
What is the greatest common factor of 20480 and 80?
80
Calculate the highest common divisor of 800 and 50.
50
What is the highest common divisor of 925 and 37?
37
What is the greatest common divisor of 31 and 713?
31
What is the highest common divisor of 15 and 5?
5
What is the highest common divisor of 255 and 15?
15
Calculate the highest common factor of 4 and 812.
4
What is the greatest common factor of 2586 and 6?
6
What is the greatest common factor of 552 and 1176?
24
Calculate the highest common divisor of 2224 and 139.
139
What is the greatest common factor of 123 and 48?
3
Calculate the greatest common factor of 22 and 1386.
22
What is the greatest common divisor of 3824 and 32?
16
Calculate the highest common factor of 28 and 896.
28
Calculate the highest common divisor of 471 and 3.
3
Calculate the greatest common factor of 36 and 252.
36
What is the highest common divisor of 26 and 91?
13
Calculate the greatest common divisor of 4 and 1132.
4
Calculate the greatest common factor of 6414 and 12.
6
Calculate the greatest common factor of 392 and 40.
8
What is the highest common divisor of 1176 and 360?
24
What is the greatest common divisor of 182 and 14?
14
Calculate the greatest common divisor of 336 and 96.
48
Calculate the highest common divisor of 52 and 4953.
13
What is the highest common factor of 1665 and 37?
37
What is the highest common factor of 2400 and 45?
15
Calculate the highest common divisor of 9190 and 40.
10
What is the greatest common factor of 23 and 1679?
23
What is the greatest common factor of 1073 and 148?
37
What is the highest common factor of 4828 and 68?
68
Calculate the highest common divisor of 1812 and 24.
12
What is the highest common divisor of 60 and 13780?
20
What is the highest common factor of 16 and 504?
8
What is the greatest common divisor of 5 and 12755?
5
Calculate the greatest common divisor of 618 and 1339.
103
What is the highest common divisor of 658 and 188?
94
What is the highest common factor of 14 and 23198?
14
Calculate the greatest common factor of 40 and 12560.
40
Calculate the greatest common divisor of 11 and 737.
11
Calculate the highest common factor of 184 and 437.
23
Calculate the highest common factor of 858 and 390.
78
Calculate the highest common factor of 18 and 30.
6
Calculate the highest common factor of 64 and 1952.
32
Calculate the greatest common factor of 288 and 54.
18
Calculate the greatest common factor of 7 and 973.
7
Calculate the greatest common divisor of 4572 and 72.
36
What is the highest common factor of 6888 and 168?
168
Calculate the highest common divisor of 144 and 32.
16
What is the greatest common divisor of 1162 and 119?
7
What is the highest common divisor of 609 and 1869?
21
What is the greatest common factor of 102 and 374?
34
What is the greates